e remainder when 21368818 is divided by 2605.
3
What is the remainder when 6342542 is divided by 4274?
4200
What is the remainder when 12999117 is divided by 120?
117
Calculate the remainder when 126491068 is divided by 565.
563
Calculate the remainder when 1340666 is divided by 577.
295
What is the remainder when 32279328 is divided by 761?
752
What is the remainder when 177397 is divided by 569?
438
Calculate the remainder when 256679 is divided by 256171.
508
Calculate the remainder when 373445 is divided by 2074.
125
What is the remainder when 48642 is divided by 2889?
2418
Calculate the remainder when 158417346 is divided by 10.
6
Calculate the remainder when 24676515 is divided by 464.
67
What is the remainder when 52738064 is divided by 43?
26
What is the remainder when 1552684 is divided by 73?
47
What is the remainder when 151844 is divided by 10069?
809
Calculate the remainder when 142295 is divided by 1872.
23
Calculate the remainder when 3778922 is divided by 35317.
3
What is the remainder when 2131979 is divided by 221?
213
What is the remainder when 2159907 is divided by 36596?
743
What is the remainder when 17449496 is divided by 882?
8
What is the remainder when 3270980 is divided by 70?
20
Calculate the remainder when 1811344 is divided by 905165.
1014
What is the remainder when 276693 is divided by 1089?
87
What is the remainder when 124938 is divided by 1422?
1224
Calculate the remainder when 2147366 is divided by 1152.
38
Calculate the remainder when 220055 is divided by 1476.
131
Calculate the remainder when 444364 is divided by 222172.
20
Calculate the remainder when 11179071 is divided by 3726357.
0
Calculate the remainder when 322679481 is divided by 54.
51
Calculate the remainder when 2412150 is divided by 50.
0
Calculate the remainder when 119803375 is divided by 2303911.
3
Calculate the remainder when 57814610 is divided by 4447276.
22
What is the remainder when 717474 is divided by 143409?
429
What is the remainder when 8010072 is divided by 2670009?
45
Calculate the remainder when 138158491 is divided by 2708990.
1
Calculate the remainder when 189875 is divided by 249.
137
Calculate the remainder when 8269353 is divided by 1224.
9
What is the remainder when 60572 is divided by 59525?
1047
Calculate the remainder when 2249431 is divided by 2784.
2743
Calculate the remainder when 8930 is divided by 2518.
1376
What is the remainder when 1936995 is divided by 520?
515
Calculate the remainder when 525991 is divided by 64.
39
Calculate the remainder when 4961306 is divided by 4080.
26
Calculate the remainder when 2054195 is divided by 2.
1
What is the remainder when 26948877 is divided by 2299?
2298
Calculate the remainder when 3553139 is divided by 304.
291
What is the remainder when 227234 is divided by 360?
74
What is the remainder when 107613481 is divided by 35871160?
1
Calculate the remainder when 25050812 is divided by 3192.
3188
Calculate the remainder when 48233895 is divided by 138.
135
Calculate the remainder when 1524653 is divided by 762299.
55
Calculate the remainder when 341965 is divided by 2250.
2215
Calculate the remainder when 3265571 is divided by 48.
35
What is the remainder when 561570552 is divided by 105?
102
Calculate the remainder when 61504061 is divided by 703.
700
What is the remainder when 47780849 is divided by 107?
106
Calculate the remainder when 1047624 is divided by 786.
672
Calculate the remainder when 15611 is divided by 3046.
381
Calculate the remainder when 221789 is divided by 18480.
29
What is the remainder when 8697 is divided by 2589?
930
Calculate the remainder when 440466878 is divided by 80.
78
What is the remainder when 605 is divided by 158?
131
What is the remainder when 2356001 is divided by 3142?
2643
What is the remainder when 2492833 is divided by 2492832?
1
Calculate the remainder when 57017104 is divided by 28508540.
24
What is the remainder when 614292 is divided by 165?
162
What is the remainder when 10044633 is divided by 8010?
93
What is the remainder when 106766 is divided by 30?
26
What is the remainder when 16861281 is divided by 1532842?
19
What is the remainder when 307678 is divided by 199?
24
What is the remainder when 227310423 is divided by 1034?
1033
What is the remainder when 142125 is divided by 4560?
765
Calculate the remainder when 42057331 is divided by 33.
19
Calculate the remainder when 296515 is divided by 296077.
438
Calculate the remainder when 67696160 is divided by 379.
317
What is the remainder when 880070 is divided by 880056?
14
What is the remainder when 222549899 is divided by 64?
11
What is the remainder when 60528790 is divided by 643?
628
What is the remainder when 216578932 is divided by 99?
97
What is the remainder when 266658 is divided by 66629?
142
What is the remainder when 94714959 is divided by 41?
39
Calculate the remainder when 1528979 is divided by 58.
41
Calculate the remainder when 115407 is divided by 2035.
1447
Calculate the remainder when 291767 is divided by 48609.
113
Calculate the remainder when 1634891 is divided by 272274.
1247
Calculate the remainder when 1462685 is divided by 292240.
1485
Calculate the remainder when 2577414 is divided by 198252.
138
Calculate the remainder when 21689 is divided by 2321.
800
What is the remainder when 204316 is divided by 227?
16
Calculate the remainder when 110122 is divided by 1323.
313
What is the remainder when 51474 is divided by 1043?
367
What is the remainder when 76616 is divided by 19101?
212
What is the remainder when 1357844 is divided by 16558?
88
Calculate the remainder when 41155841 is divided by 8690.
1
Calculate the remainder when 963892 is divided by 6739.
215
Calculate the remainder when 353671 is divided by 50484.
283
What is the remainder when 5544736 is divided by 564?
52
What is the remainder when 56043610 is divided by 12?
10
Calculate the remainder when 32170901 is divided by 81035.
6
Calculate the remainder when 2857863 is divided by 6.
3
Calculate the remainder when 126163 is divided by 74.
67
What is the remainder when 1773449 is divided by 591114?
107
Calculate the remainder when 16533 is divided by 1175.
83
What is the remainder when 82256533 is divided by 103?
12
What is the remainder when 581926 is divided by 1423?
1342
Calculate the remainder when 138116470 is divided by 13.
11
Calculate the remainder when 3292566 is divided by 1446.
24
Calculate the remainder when 79106 is divided by 19765.
46
What is the remainder when 231485 is divided by 17804?
33
What is the remainder when 268654 is divided by 89540?
34
What is the remainder when 17953226 is divided by 11?
5
Calculate the remainder when 520661129 is divided by 397.
393
What is the remainder when 35601 is divided by 247?
33
What is the remainder when 1434616 is divided by 100?
16
What is the remainder when 2850236 is divided by 64?
60
Calculate the remainder when 804029 is divided by 402014.
1
What is the remainder when 195094 is divided by 1048?
166
What is the remainder when 65157365 is divided by 28?
21
What is the remainder when 4155589 is divided by 50?
39
Calculate the remainder when 2377424 is divided by 1473.
2
Calculate the remainder when 593841 is divided by 197568.
1137
Calculate the remainder when 2527108 is divided by 3037.
324
Calculate the remainder when 35217636 is divided by 781.
3
Calculate the remainder when 102140 is divided by 102114.
26
What is the remainder when 81334686 is divided by 167?
8
Calculate the remainder when 2172949 is divided by 90.
79
What is the remainder when 3880192 is divided by 965?
892
What is the remainder when 183726 is divided by 62?
20
Calculate the remainder when 9042 is divided by 782.
440
What is the remainder when 12156 is divided by 62?
4
What is the remainder when 2482855 is divided by 99309?
130
What is the remainder when 3379891 is divided by 482836?
39
What is the remainder when 7754877 is divided by 1938674?
181
What is the remainder when 321169 is divided by 160574?
21
What is the remainder when 23737840 is divided by 4964?
4956
What is the remainder when 115877 is divided by 115864?
13
Calculate the remainder when 27196922 is divided by 13598459.
4
What is the remainder when 56167 is divided by 488?
47
Calculate the remainder whe